e units digit of m?
7
Suppose 18 + 34 = 4*k. Let d be (1 - (-8 + 2))/(-1). Let l = d + k. What is the units digit of l?
6
Suppose -4*i - 14 = -86. What is the units digit of i?
8
Let f be (1 - 5)*3/(-4). Suppose -2*p = w - 7, 0 = 3*w - f*p + 28 - 76. What is the tens digit of w?
1
Let a(s) = -s**2 - 3*s + 4. Suppose 0 = 3*i - 4*n + 12, 2*i - n - n + 8 = 0. Let c be a(i). Suppose c = 3*h - 2*h - 1. What is the units digit of h?
1
What is the tens digit of 51 - (-8 + (-4)/(-1))?
5
Suppose 4 = 2*w, m + 5 = -w + 14. What is the units digit of (-7)/49 + 204/m?
9
Let t be -1*(-1 + 2) + 10. Let p = t - 3. Suppose -2*s + p*s - 36 = 0. What is the units digit of s?
9
Let i = 428 + -148. What is the hundreds digit of i?
2
What is the units digit of (24/10)/(9/45)?
2
What is the units digit of 4 + (-7014)/(-30) + 2/10?
8
What is the units digit of 0 + -1*-15*2?
0
Suppose 27*p - 22*p - 420 = 0. Suppose -p = -2*r - 0*r. What is the units digit of r?
2
Suppose -j + 6*j = -c, 5*j + 30 = -4*c. Let w = c - 5. Let a = w - -21. What is the units digit of a?
6
Suppose 5 = 4*m - 3. Suppose -m*a + 3 = 1. What is the units digit of a?
1
Suppose 3*p - 442 = -5*m, 4*p - 450 = -5*m - p. What is the units digit of m?
6
Suppose -33 = -3*g - 0*g. Suppose 0 = -4*r + 12, 0*l + 2*r = -l + g. What is the units digit of 9/(-15) - (-43)/l?
8
Suppose -3*k - 5*s + 15 = 3, -3*k = 3*s - 18. What is the units digit of k?
9
Let m = -92 - -146. Suppose 3*t + q = 31, 4*q + q = 4*t - m. What is the tens digit of t?
1
Let g(y) = -y**2 - 9*y - 9. Let i(z) = z**3 + 8*z**2 + 7*z - 6. Let w be i(-6). Let x be ((-2)/2)/(4/w). What is the units digit of g(x)?
9
Suppose 0 = r + 4 - 7. Suppose 5*l + 6*j - 50 = j, -5*l - r*j = -50. What is the units digit of l?
0
Suppose 2*r - 36 = -6. Let b = -11 + r. What is the tens digit of 58/4 - b/(-8)?
1
Suppose 5*f - 2*s = s + 95, 3*s - 65 = -5*f. What is the units digit of f?
6
Suppose -4*y - 14 = -2. Let s = 10 - y. What is the tens digit of (2 - 2 - 2) + s?
1
Let k be 1/(2*1/(-16)). Let r be (-6 + 7)*k/1. Let t = r + 13. What is the units digit of t?
5
Suppose 186 = -5*m + 1411. What is the tens digit of m?
4
Suppose -2*b = -5*b + 15. Suppose 0 = 6*w - w. Let c = b + w. What is the units digit of c?
5
Let m = -6 + 11. Suppose 6*h - m*h - 23 = 0. What is the tens digit of h?
2
Suppose -5*z - 4*o + 529 - 95 = 0, -2*z + 176 = 4*o. What is the tens digit of z?
8
Suppose j = 3*d + 16 + 24, 5*d = -20. What is the units digit of j?
8
Let i(x) be the first derivative of -x**4/4 - 8*x**3/3 - 2*x**2 + x + 2. Let l be i(-3). What is the units digit of (l/(-12))/(2/3)?
4
Let o be (5/(-2))/(-5)*8. Suppose -5*i + o = -6. What is the units digit of i?
2
Suppose 0 = -d + 4*b - 13, -d - 3 = 2*d - 3*b. Let y be (-5 - -2)/d*-10. What is the units digit of (2 - 4) + y - 0?
8
Let s be (-2)/(-2 + 3/2). Suppose u = -s*u + 80. What is the units digit of u?
6
Let r = 3 + 1. Suppose r*i = -0*i. Suppose -3*m + q + 17 = i, -2*m + 4*q - 12 = -6*m. What is the units digit of m?
5
Let j(o) = 2*o**3 + 4*o**2 + 9*o + 8. What is the hundreds digit of j(5)?
4
Let v(q) = -2*q - 9. Let h(b) = -3*b - 14. Let t(s) = -5*h(s) + 7*v(s). Let z be t(-7). Suppose -5 = -p + o - 1, z = 5*p + o - 8. What is the units digit of p?
2
Suppose 2*r - 7*r = c - 9, 0 = -2*r + c - 2. Suppose -b = -3, y - 3*b + b = -r. Suppose -y = 3*p - 35. What is the units digit of p?
0
Let w = -11 + 18. Let i = w - 3. Suppose -4*g = -5*o + 55, i*o - 6*o - 2*g + 22 = 0. What is the units digit of o?
1
Let r(a) be the third derivative of 0*a**4 + 3/20*a**5 + 0 + a**2 - 1/6*a**3 + 0*a. What is the units digit of r(1)?
8
Let c(l) = 413*l**2 + 2 - 412*l**2 + 2*l + 5*l. Suppose 47 = -4*s + 19. What is the units digit of c(s)?
2
Suppose 10 = 5*q - 0. Let c = 1 + q. What is the units digit of c?
3
Suppose -4*g = -n - 81, -5*g - n = -55 - 44. What is the tens digit of g?
2
Let g(l) = l**3 - 2*l. What is the units digit of g(2)?
4
Suppose 243 = 5*u + 4*x, -279 = -5*u - x - 42. What is the units digit of u?
7
Suppose -b - 5*l + 97 = 0, 0 = -4*l - 11 - 9. What is the tens digit of b?
2
Let x(u) = -u**3 - 8*u**2 + 8*u - 6. Let o(c) = 2*c**3 + 8*c**2 - 8*c + 5. Let l(d) = -2*o(d) - 3*x(d). What is the units digit of l(7)?
1
Let r(u) = 3*u + 4. Let a be r(-4). Let m be (2/3)/((-4)/6). What is the units digit of (a - -3)/(m/2)?
0
Let a = 7 + -3. Suppose a = 2*g - 2*c, 0 = -g - 2*g - 3*c. What is the units digit of g*(0 + 12)/2?
6
Let p = 2 - 1. Suppose -2*u = -v + 2*v + 1, -2*v = -2. What is the units digit of u + p - (0 + -2)?
2
Let o = -19 + 1. Let a = 32 + o. What is the units digit of a?
4
What is the units digit of ((-25)/30)/5 + (-38)/(-12)?
3
Let j be (4/4)/(1/(-5)). Let v be 4/(-20) - 11/j. Let l(d) = 2*d - 1. What is the units digit of l(v)?
3
Suppose m + 62 = 3*y, -4*m + 3*y - 73 = 157. Let p = -33 - m. What is the units digit of p?
3
Let b = -10 + 13. Suppose -b*a + 78 = -0*a. What is the units digit of a?
6
Let x be (-16)/(-6) - 5/(-15). Suppose h - 2*c = 9 + 6, 4*h - x*c = 55. What is the units digit of h/3 + (-2)/6?
4
Let g = -39 - -65. Suppose 9 = -2*k + 5*s + g, k = -3*s + 25. What is the units digit of k?
6
Suppose -4*k - 2*r = -5*k + 105, -5*r + 10 = 0. What is the units digit of k?
9
Let p = -1 + 4. Suppose -2*r - r = -12. Suppose -5*l + p*d + 14 = -r*l, 34 = 4*l - d. What is the units digit of l?
8
Let k be (1 + -2)*(-6 - -5). Let j = k - 0. What is the units digit of j?
1
Let u(b) = -3*b**3 - b**2 + 1. What is the tens digit of u(-2)?
2
Suppose 11*u = -u + 1284. What is the tens digit of u?
0
Let j = -1 - -1. Suppose 0 = 4*y, 3*n - y + 5*y - 72 = j. What is the units digit of n?
4
Let w = -79 - -147. What is the units digit of w?
8
Suppose -k - 16 = -4*y, -5*k - y + 0*y = -4. Suppose 2*n - 3*n + 5*o + 11 = k, -o + 107 = 4*n. What is the units digit of n/6 - 6/(-9)?
5
Let l(o) = -o + 17. Suppose 4*s = s + 21. What is the tens digit of l(s)?
1
Suppose 15 = 3*j - 0*j. What is the units digit of (j - -15)*(-1)/(-1)?
0
What is the hundreds digit of -4 + 94/(4/(-20)*-2)?
2
Let d = 48 + -29. Suppose n - d = 11. What is the tens digit of n?
3
Let r(g) = 3*g + 5. Suppose 0 = 3*q - 3 - 6. What is the units digit of r(q)?
4
Let i(z) = 2*z**2 - z + 41. What is the units digit of i(0)?
1
Suppose r - 14 = -3*r + 2*k, 5*r = 5*k + 15. Suppose 2*f - 41 = 3*v, -102 = -5*f + 4*v + r. What is the tens digit of f?
2
Let r(d) = 10*d**2 - 4*d - 4. What is the tens digit of r(-4)?
7
Let l(i) = 17*i**2 + i - 1. Let k be (-1)/(-2) - 5/(-10). What is the units digit of l(k)?
7
Let b = 13 + 61. What is the units digit of b?
4
What is the tens digit of (69 + (-3)/1)/1?
6
Let p = -16 - -66. Suppose 0 = s - 2*f + 5*f - 14, -5*s - 5*f + p = 0. What is the units digit of s?
8
Let p(f) = f**2 - 2*f - 8. Let v be p(4). Suppose -b + v + 51 = 0. What is the units digit of b?
1
Let v(f) = f**2 + 7*f - 3. What is the units digit of v(-9)?
5
What is the tens digit of (-68)/(-6) - (-1 - 24/(-18))?
1
Let l = 106 + -47. What is the units digit of l?
9
Let h be 1/(-2)*(4 - 6). Suppose -4*d - 71 = -5*g, d = -6*g + g + h. Let a = d + 27. What is the units digit of a?
3
Let l(w) = w - 2. Let x be l(5). Suppose x*f - 61 = -25. What is the tens digit of f?
1
Let x = 158 + -157. What is the units digit of x?
1
Suppose -4*m - 11 = -j - 2*j, -4*j - 3*m - 2 = 0. What is the tens digit of (-22)/j*(-6)/12?
1
Suppose -2*z + 3 + 1 = 0. What is the units digit of ((-1)/(-1) + 19)/z?
0
Let m(a) = -11*a - 20. What is the tens digit of m(-7)?
5
What is the tens digit of (2 + -1)/(2/24)?
1
Let v = -2 - -2. Suppose v*q = -q. Suppose 4*f + f - 20 = q. What is the units digit of f?
4
Let d(b) = -6*b**3 + b. Let m be d(-1). Let q = -19 + 29. Let p = q - m. What is the units digit of p?
5
Let h(z) = -3*z**3 + 5*z**2 - 14*z - 4. Let t(n) = -n**3 - n**2 - n + 1. Let c(m) = -h(m) + 4*t(m). What is the units digit of c(-10)?
8
Suppose -4*l + 15 - 91 = 0. What is the units digit of (-39)/26 - l/2?
8
Let i(g) = -g**3 + 6*g**2 - 2*g - 5. Let n be i(5). Suppose c = w - 12, -4*c + n = -w + 37. What is the units digit of w?
7
Suppose 2*r = -t + 4*t - 11, 0 = 4*t + r - 11. Suppose -8*w = -t*w - 35. What is the units digit of w?
7
What is the hundreds digit of (-2697)/(-12) + 4/16 + 1?
2
L